-6345. What is the hundreds digit of u?
3
Suppose 0 = -3*a - 5*t - 16, 4*t = -2*a + 3*t + 1. Suppose -521 + 2598 = 3*l - v, -a*v = -4*l + 2766. What is the units digit of l?
3
Let p(l) = 302*l - 2073. What is the hundreds digit of p(20)?
9
Let z(t) = -t**3 + 91*t**2 + 160*t - 585. What is the hundreds digit of z(87)?
6
Let g(v) = -15*v**2 + 6*v + 27. Let a(c) = 13*c**2 - 6*c - 26. Let j(i) = 4*a(i) + 3*g(i). What is the hundreds digit of j(8)?
3
Let r(v) = -2*v**3 - v**2 + 8. Let c be r(-4). Suppose 146 + 129 = -5*a. Let l = c + a. What is the tens digit of l?
6
Let c(a) = -a**3 + 4*a**2 + 79*a + 7. Let k = 17 - 6. What is the tens digit of c(k)?
2
Suppose -9*g + 5 = -4. What is the tens digit of 395 - ((-9)/(-36) + g/(-4))?
9
Suppose 0 = 14*c - c + 52. Let v be 33/39 - c/26*1. What is the units digit of (8 - (3 + 2))/v?
3
Suppose -21*b - 2*z = -19*b - 6554, 4*b - 13138 = z. What is the thousands digit of b?
3
Let y(z) = 3*z**2 + 4*z. Let r = -42 + 42. Suppose -d + 0 + 3 = r. What is the units digit of y(d)?
9
Suppose -n = 4*k + 311, -4*n = -k + n - 83. Let w = -89 - k. Let m(j) = j**3 + 11*j**2 - 16*j + 6. What is the tens digit of m(w)?
8
Suppose 4*x - 2*x + 3*t = 334, 3*x - 5*t - 463 = 0. Suppose -x = -4*u + 439. What is the tens digit of u?
5
Let k(h) = -7*h**2 + 253*h. What is the thousands digit of k(23)?
2
Suppose -q + 2 = -2, 2*f = -2*q + 110. What is the tens digit of (1 - 7234/(-18)) + f/459?
0
What is the thousands digit of 3/(-5 + 17/4) + 1 + 40565?
0
Let w(o) = 6*o - 75. Let z be w(13). Suppose 2*t = -0*t - 4*u + 660, 0 = -5*t + z*u + 1650. What is the hundreds digit of t?
3
Let p(o) = o**3 - 21*o**2 + 83*o + 104. Let w be p(15). Let c(k) = 0*k**2 - k - 64*k**3 + 18*k**3 + k**2 - 2. What is the tens digit of c(w)?
4
Suppose -165*u = -458291 - 201214. What is the units digit of u?
7
Let k = 32969 - 3625. What is the units digit of k?
4
Suppose -5*b - 4*i + 125786 = 0, -5*b - 366*i + 359*i = -125783. What is the units digit of b?
8
Let x = 6542 + -5102. What is the hundreds digit of x?
4
Let l(h) = 9*h**2 + 35*h + 462. What is the units digit of l(-35)?
2
Let i(a) = -19*a - 7*a + 7*a + 1. Let d(n) = -2*n - 11. Let l be d(-4). What is the tens digit of i(l)?
5
Suppose 28*q - 27*q = -3*r + 27267, r - 5*q - 9089 = 0. What is the thousands digit of r?
9
Let d(y) = -117 - 28*y - 32*y + 21*y - 13*y. What is the hundreds digit of d(-12)?
5
Suppose -2*n + 192 = 2*x, -430 = -5*n + 2*x + 3*x. Let y = 106 + n. Suppose -6*j = -y - 469. What is the tens digit of j?
1
Suppose 0 = -a - 3*a - 12, 3*b = -3*a. Suppose c - 3*d - 355 = 0, 3*c + c = -b*d + 1480. What is the units digit of c?
7
Let j(n) be the third derivative of -103*n**4/24 - 79*n**3/6 - 105*n**2. What is the units digit of j(-6)?
9
Let i(r) = -r**2 - 15*r - 17. Let n be i(-13). Let g be 47/n + 1 + (-18)/81. Suppose -g*v + 829 = 157. What is the hundreds digit of v?
1
Suppose 3*r = 5*s - 74668, -s + 5993 = 4*r - 8982. What is the thousands digit of s?
4
Suppose 2*p + t - 1 = 0, 2*t - 9 = 3*p + 7*t. Suppose -3*s + 7 = p*s + c, 3*s = -c + 5. Suppose 0 = -b + 57 + s. What is the tens digit of b?
5
Let u = -333 - -235. Let o be (-6)/(-28)*-10 + (-14)/u. What is the units digit of 9*(4/o - -4)?
8
Let u = 66 + -63. Suppose 2*r + 2*x = 3*r + 10, x = -u*r - 9. What is the tens digit of r/(-18) + ((-878)/(-18) - -6)?
5
Suppose 13173 = 33*l - 9*l - 313347. What is the ten thousands digit of l?
1
Let b be 2*-8*(-30)/60. Suppose -b*z = 32*z - 64760. What is the units digit of z?
9
Suppose 0 = -270*y - 1436676 + 4381302 + 5877624. What is the ten thousands digit of y?
3
Let q = 505 + -512. What is the hundreds digit of 6 + (-4 - -554 - q)?
5
Suppose -2*i + 0*i = r - 28, 3*r - 93 = -3*i. Let g = 39 - r. What is the units digit of 4 + g/(-5) - -26?
9
Let k be 13 - (6 + -2 + -3). Suppose 0 = 7*n - k*n - 205. Let m = -14 - n. What is the units digit of m?
7
Let k be (-1 - (-9)/(45/10)) + -1. Suppose k = 30*t - 32*t + 2116. What is the tens digit of t?
5
What is the hundreds digit of (-227)/(-4)*(-3672)/126*-7?
5
Let t(h) = h**2 - 11*h - 16. Let s be t(12). Let w be (13 - (0 - s))*1. Let y(l) = l**2 - 2*l - 8. What is the tens digit of y(w)?
5
Suppose -6*y = 2*x + 46458 - 156244, -x = 7. What is the hundreds digit of y?
3
Suppose 2230 - 37754 = -24*i + 10604. What is the hundreds digit of i?
9
Let m(x) = 2009*x - 325. What is the tens digit of m(11)?
7
Let a = -8655 + 15496. What is the tens digit of a?
4
Let b = 54316 - 25957. What is the tens digit of b?
5
Let b = 66 + -93. Let m = 30 + b. What is the units digit of ((-1215)/(-10))/m*4?
2
Let l(b) = b**2 - 38*b - 208. Let r be l(26). What is the hundreds digit of -1 + (4 - -2 - r)?
5
Suppose 169 + 31 = -8*y. Let g = 33 + y. What is the tens digit of (-3 + (g - 3))*(-242)/(-4)?
2
Let v = 20253 + -9386. What is the tens digit of v?
6
Let j(o) = -1284*o + 485. What is the ten thousands digit of j(-20)?
2
Suppose -459474 = -61*g - 38*g + 209370. What is the tens digit of g?
5
Let p(n) = 103*n**2 - 87*n + 833. What is the units digit of p(21)?
9
Let i be (20/(-25))/((-2)/5). Suppose -15 = 2*c - 5*q, -i*c + 0*c - 5*q = -35. Let v(y) = 29*y - 5. What is the tens digit of v(c)?
4
Suppose 12567*n - 102333 = 12556*n. What is the hundreds digit of n?
3
What is the units digit of (-5)/(-155) - 13521720/(-465)?
9
Suppose -7*y - 15795 = -16*y. Suppose -2*i + 6*i - y = -3*n, -2*i - 3*n = -879. What is the hundreds digit of i?
4
Let z = -969 - -976. Suppose -4*y = 4*x - 6436, 2*x = z + 1. What is the units digit of y?
5
Let z be -19*2/(-12) + (-15)/90. Suppose z*f - 1041 + 12 = 0. What is the hundreds digit of f?
3
Suppose 77*k - 805140 = 35*k. What is the tens digit of k?
7
Suppose 4*g + 46 - 10 = 4*k, -k + 5*g = 11. Let x be (-18)/(-63) - 4/k - 0. Suppose 6*v - 924 = -x*v. What is the units digit of v?
4
Suppose -27*f = 4*p - 24*f - 152424, 4*f - 38093 = -p. What is the ten thousands digit of p?
3
Let i = 6095 - 2994. Suppose -12*r + i = -5*r. What is the hundreds digit of r?
4
Suppose -59*g - 5*h - 148971 = -62*g, 3*g - h = 148983. What is the ten thousands digit of g?
4
What is the ten thousands digit of (-4)/(-70) + (-41848998)/(-3885)?
1
Suppose -2*o - 4*f + 21404 = 0, 21407 = -352*o + 354*o + 3*f. What is the hundreds digit of o?
7
Let w = -36 - -20. Let g(v) = -v**3 - 14*v**2 + 22*v - 17. What is the tens digit of g(w)?
4
Let x = -77296 - -116200. What is the thousands digit of x?
8
Let i(a) = a**3 + 11*a**2 + 6*a + 6. Let w be (-1 + -14)*-1*(4 + -2). Suppose w = -4*g - m, 5*g - 5*m + 26 = 3*g. What is the hundreds digit of i(g)?
1
Let d(y) = -3601*y + 89. What is the hundreds digit of d(-3)?
8
Let m(l) = l**2 + 34. Let w be m(0). Let o = -32 + w. Suppose 18 - 114 = -o*k. What is the units digit of k?
8
Let o(m) = -6789*m - 809. What is the units digit of o(-2)?
9
Let k be 7023/18 - 2/12. Suppose 4*n - k = 1682. What is the units digit of n?
8
Let v = 47816 - 29935. What is the units digit of v?
1
Let q = 47517 + -20453. What is the ten thousands digit of q?
2
Let r = 10249 + -1034. What is the thousands digit of r?
9
Let s(c) = -2 + c - 3*c + 4*c + 3 + c**2. Let x be s(-3). Suppose 42 = x*i - 3*i. What is the units digit of i?
2
Let k(a) = 3136*a**2 + 175*a + 37. What is the thousands digit of k(4)?
0
Let i(v) = 10*v**2 + 3*v - 5. Let x(m) be the third derivative of -m**5/60 - m**4 - 7*m**3 - 3*m**2. Let z be x(-22). What is the units digit of i(z)?
1
Let f(v) = v**3 - 32*v**2 + 97*v - 201. What is the units digit of f(37)?
3
Let v be (-60676)/(-42) + (-11)/3 + 2. Suppose -v = -10*x - 143. What is the hundreds digit of x?
1
Let j(k) = 3*k**2 - 17*k - 51. Let w be (-24)/(-18)*((-171)/4)/(-3). What is the tens digit of j(w)?
0
Suppose -2*i = 197 - 205. Suppose i*v = 5*g - 309 - 436, 2*g = 3*v + 298. What is the tens digit of g?
4
Let l(r) = r**2 - 8*r + 10. Let z be l(6). What is the units digit of (15/(-25))/(z/650)?
5
Let b = 316 - -94. Suppose b = h + 81. What is the tens digit of h?
2
Suppose -3*k + 1026 = -0*k. Suppose -2*a + 354 = -3*l, -a - k = -3*a - 3*l. Let w = a + -29. What is the units digit of w?
5
Suppose -4*x - 55 = -287. Suppose 52*n + 5208 = x*n. What is the tens digit of n?
6
Suppose -33*f = -2*z - 34*f + 19, -f + 10 = z. What is the ten